-128 + 2882. Calculate the greatest common divisor of o and 405.
27
Let m(a) = 448*a + 4260. Let b be m(-9). What is the greatest common factor of 47196 and b?
228
Suppose 14*m - 4*m - 120 = 0. Suppose 4*g = -4*c + 96, 0 = -14*g + m*g. Calculate the greatest common divisor of 204 and c.
12
Let p be 12/54 + (-32)/(-18). Let u be ((5 + -3)/p)/((-1)/(-5)). Suppose -4*q = 12, 57 = u*t - 2*t - 5*q. Calculate the greatest common divisor of t and 126.
14
Let a(y) = -5*y + 3. Let g be a(0). Suppose 61 = b + 5*v + 32, -3*b = -g*v - 105. Calculate the greatest common factor of b and 238.
34
Suppose 45422 = 27*k - 38575. Calculate the greatest common divisor of k and 102.
51
Suppose 3*r - 4*a = 822, -5*r + r + a = -1096. Suppose 15*w - r - 1766 = 0. What is the greatest common factor of w and 8?
8
Suppose 5*k - 2*k = 2*m - 525, -5*k + 1300 = 5*m. What is the greatest common divisor of m and 9?
9
Let w(i) = -584*i + 1556. Let j be w(2). Calculate the greatest common factor of j and 11446.
194
Suppose -103*r + 11066 + 31325 + 75853 = 0. What is the greatest common factor of r and 4756?
164
Let s(x) = x**3 + 6*x**2 + 4*x + 4. Let u be s(-4). Let a = -3770 - -3920. What is the highest common divisor of a and u?
10
Let s be (6 - 3/(-7))/(17/119). What is the highest common divisor of 1881 and s?
9
Suppose 253 = 7*a + 4*a. Suppose r = -4*r - 15, -4*k - 3*r = -a. Calculate the greatest common factor of 320 and k.
8
Suppose 0 = 3*r + 8*r + 44. Let p be -6 + 8 + (-19)/(-1). Let t be r + 4 - p*-4. Calculate the highest common divisor of 28 and t.
28
Suppose 4*z = -604 + 1720. Let i be (185/148*16/10)/((-2)/(-372)). Calculate the highest common divisor of z and i.
93
Suppose 26*m - 18449 = -5528 + 14249. Let o = 322 - 227. What is the highest common divisor of m and o?
95
Suppose 4*r - 112 = 5*h, -2 = -4*r + 3*h + 102. Let p be 1/(7/(-1078)*-7). Suppose 0 = -r*i + 24*i - p. What is the greatest common divisor of 2 and i?
2
Let h be ((-60)/(-18))/(-3 - 12082/(-4026)). What is the highest common divisor of h and 366?
61
Let u be ((-6)/(-10))/((-14)/70) + 60. Suppose 384 - 68 = 4*m - 2*f, -5*m + 369 = 4*f. Let y = m - u. Calculate the highest common divisor of 12 and y.
4
Let v(h) = 12*h**2 - 12*h + 65. Let q be v(6). Calculate the greatest common divisor of q and 289.
17
Let b be (-5)/1 - (-110 - -1). Suppose 0 = -5*w, q + 117 = 4*q + 3*w. Suppose 10*i = 7*i + q. Calculate the highest common divisor of i and b.
13
Let x = -514 + 515. Let p(g) = 24*g**3 - 2*g**2 - g + 2. Let u be p(x). What is the highest common divisor of 1 and u?
1
Let i(r) = r**3 - r**2 - 8*r + 3. Let y be i(5). Let z(g) = -g**3 + 13*g**2 - 29*g + 11. Let l be z(10). What is the greatest common factor of l and y?
21
Let b be (-3474)/108 - 1/(-6). Let f be 4/7 + b/56. Suppose 3*t - 144 = -f*t. What is the greatest common divisor of 6 and t?
6
Let b = -77 - -80. Suppose 3*u = -4*z - 9 + 84, -3*z - b*u = -60. Calculate the highest common divisor of z and 135.
15
Suppose 2*a - 6*p - 26 = 0, a - 21 + 2 = 5*p. Suppose 0 = 2*g + 3*g. Suppose g = -y + 4*o + 47, y + o - a = 53. Calculate the highest common divisor of 5 and y.
5
Suppose 0 = 319*r - 312*r - 42. Suppose -3 = 4*v - 7*v. Let q = v + 3. What is the highest common divisor of r and q?
2
Suppose -718 = -4*g + 2*x, -x - 64 = -65. Suppose 0 = 170*w - g*w + 360. Let b = 17 + 31. Calculate the greatest common factor of b and w.
12
Suppose 10*d + 125 = 35*d. Suppose 5*s = 5*k + 350, d*s = -12*k + 7*k + 370. Let l = 13 - 4. What is the greatest common factor of l and s?
9
Suppose 729*k - 715*k = -961 + 2865. Calculate the highest common factor of 221 and k.
17
Let s(x) = 4*x**3 - 5*x**2 - 196*x + 392. Let o be s(2). What is the greatest common divisor of o and 35436?
12
Suppose 0 = -24*x + 30*x - 1542. Let f = x - 137. What is the greatest common divisor of f and 300?
60
Let u(r) = 4*r + 1. Let k(p) = p + 1. Let l(w) = -6*k(w) + u(w). Let o be l(-8). Let s = -2944 - -2999. What is the highest common factor of s and o?
11
Suppose -169*h = -33868 - 608. Let a = -23 + 41. What is the greatest common divisor of h and a?
6
Let l(p) = 2*p**3 - 62*p**2 - 9*p + 338. Let r be l(31). Calculate the greatest common divisor of r and 29.
1
Let t = -11 - -18. Suppose t*q = 1 + 678. Let v = 202 - q. What is the greatest common factor of v and 15?
15
Suppose -13 + 59 = m. Let f = -42 + m. Suppose s + 3*s + f*x = 204, -3*x = -4*s + 225. What is the highest common factor of 6 and s?
6
Let k be (-150)/(-4)*(872/40 + -1). What is the highest common factor of 18 and k?
6
Let b be ((-84)/(-39))/((-24)/(-156)). Calculate the highest common divisor of b and 20.
2
Suppose 511 = 4*s - 5*q, 379*q + 649 = 5*s + 383*q. What is the highest common factor of 3 and s?
3
Suppose -8*a + 1148 - 188 = 0. Let b be 162/8 + 1/(-4). Calculate the greatest common factor of b and a.
20
Let p = 381 + -351. What is the greatest common factor of 1518 and p?
6
Let y be (1074/(-895))/(12/(-229120)). Calculate the greatest common factor of 128 and y.
128
Suppose -2*o = -x - 32, 32 = 2*o + 22. Let f be 48/(-14) - 4/7 - x. Let r(g) = 4*g + 6. Let s be r(3). Calculate the highest common factor of f and s.
18
Suppose -2*v - 35*v = 1850. Let s be 186/10 - (-30)/v. What is the highest common factor of 198 and s?
18
Let t(z) = -z**2 + 11*z - 8. Let j be t(5). Suppose r - 200 + 156 = 0. What is the greatest common factor of j and r?
22
Let i be 175 + 2 - (-2)/(-1). Let l be (15266/238 - 67)/((-4)/70). Calculate the highest common divisor of l and i.
25
Suppose -1024 = -40*i - 3842 + 24898. Suppose -2*t + 3*t = 69. What is the highest common factor of i and t?
69
Let t be 70/6*1350/2250. Suppose 2*u - 5*u = -357. Calculate the greatest common divisor of u and t.
7
Let p be -2*(-68 - -1 - -2). Let t be 6/(-5)*p/(-3). Suppose -474*i = -3993 - 2169. Calculate the highest common factor of i and t.
13
Suppose -46*f + 229 + 659 = -354. Calculate the greatest common divisor of 2034 and f.
9
Let z be (-13 + 20)*(58 + 3 + 2). What is the greatest common factor of 6678 and z?
63
Let t(g) = 2*g**2 - 4*g - 4. Let v(p) = 5*p**2 - 8*p - 9. Let o(r) = -7*t(r) + 3*v(r). Let a be o(-4). Calculate the highest common divisor of 3 and a.
1
Let m be (-1253)/(-179) + (4 - 0). Suppose 6*y - 308 = -y. Calculate the greatest common divisor of m and y.
11
Let v(m) = m**2 - m + 14. Let j be v(-6). Let u(g) = -101*g + 26. Let o be u(3). Let k = o + 285. Calculate the highest common factor of k and j.
8
Let j be -7 + -5 + 6 + 8. What is the greatest common divisor of 218 and j?
2
Let x(r) = 316*r - 724. Let m be x(11). Calculate the highest common divisor of m and 86.
86
Suppose 4*j - 134 = p - 4*p, -2*p + 86 = j. Let c(g) = 43*g**3 - g**2 + 2*g. Let u be c(-2). Let d = 110 - u. What is the highest common divisor of p and d?
42
Let v(m) = -m**2 + 141. Let u be v(0). Let r(a) = -95*a - 1141. Let p be r(-13). Calculate the greatest common divisor of u and p.
47
Let y(i) = 12*i - 392 + 328 + 12*i. Let b be y(18). Suppose -12*v = -4*v - b. What is the greatest common factor of v and 115?
23
Suppose -16796 = -695*f + 678*f. Calculate the greatest common divisor of f and 39.
13
Let a be 2/4 - (4 + 9710/20). Let r = -471 - a. Let x be ((-6)/(-9))/1*36. What is the greatest common factor of r and x?
6
Suppose 7*s - 25 = -4*h + 4*s, 4*h - 5*s = 1. Suppose -2*o + 534 = h*w - 5*o, 0 = 2*w + 4*o - 278. Calculate the highest common factor of 30 and w.
15
Let s be ((-2)/5)/((-1)/20). Suppose -38 = s*d + 490. Let u = -55 - d. What is the greatest common divisor of 33 and u?
11
Suppose -109*j + 18*j = -12558. What is the highest common factor of 138 and j?
138
Let j be (-17 + 10)*(-28 - -2 - 1). Suppose 5*g - 334 = -17*n + 14*n, 0 = -5*g + 10. What is the highest common divisor of n and j?
27
Suppose -7*p + 16*p = 1188. Let o(z) = -5*z**2 - 2. Let v be o(-3). Let b be v/(-4) - 8/(-32). What is the highest common factor of p and b?
12
Let h = -7996 - -9596. What is the greatest common divisor of 240 and h?
80
Let a = 260 - 257. Suppose h + 3*j - 40 = 0, 5*j - 153 = -h - a*h. What is the greatest common divisor of 74 and h?
37
Let w(i) = -15*i + 18. Let s be w(-9). Suppose -23*o = -19*o - 324. Suppose -5*q = -2*x - o, 4*q - 5*x - 22 = 36. What is the hig